 + 7. What is the tens digit of z(0)?
1
Let k(b) = -b**3 - 6*b**2 - 7*b - 2. Let j be k(-5). Let f(w) = -w**2 + 13*w + 16. What is the tens digit of f(j)?
5
Let r be 0 - 1/3 - 91/(-39). Suppose -8*x + 4*x + 502 = -r*c, -c - 123 = -x. What is the hundreds digit of x?
1
Let g(q) = -q**3 + 27*q**2 - 36*q + 31. What is the units digit of g(25)?
1
Let z = -152 - -278. What is the hundreds digit of z?
1
Let n(q) = -q**3 - 46*q**2 - 46*q - 41. Let k be n(-45). Let b = 22 + -6. What is the tens digit of 3/k - (-436)/b?
2
What is the units digit of (-3635)/(-3) - (18/27 - 0)?
1
Suppose -5*a + 7*a = -c + 128, 5*a + 4*c - 323 = 0. What is the tens digit of a?
6
Suppose 35*w + 43575 = 50*w. What is the thousands digit of w?
2
Let b = 381 + -120. What is the hundreds digit of b?
2
Let b = -18 + 0. Let r = b + 28. What is the units digit of r?
0
Suppose -12*s + 652 + 680 = 0. What is the hundreds digit of s?
1
Let b be (13/(-3))/((-6)/(-18)). Let j be -2 - 0 - (b + -28). Let n = 68 - j. What is the tens digit of n?
2
Let h(z) be the third derivative of -z**4/8 - 4*z**3/3 + 7*z**2. Let u be h(-6). Let j = u - -4. What is the units digit of j?
4
Let t(m) be the second derivative of 11*m**3/6 - m**2 - 12*m. What is the units digit of t(1)?
9
Let v(p) = -6*p - 32. Let h be v(-6). Suppose -4*r + 478 = r - g, h*r - g = 382. What is the units digit of r?
6
Let c be ((-26)/3)/(12/18). Let q = c - -16. Suppose 0 = 2*v + p - 42, q*v + p + 7 = 69. What is the tens digit of v?
2
Suppose 291 = -4*b - 5*o, -262 = 3*b - 0*b - 5*o. Let n = b - -167. What is the tens digit of n?
8
Let g = -118 - -508. What is the hundreds digit of g?
3
Let f(l) = 4*l**2 - 20*l + 246. What is the units digit of f(8)?
2
Let f be 6/(-10) + (-130)/(-50). Suppose f*t = -5*m + 1, 2*m - 7*m - 8 = -t. What is the units digit of t*(0 - (-2)/6)?
1
Suppose -4*i - 18656 = -26*i. What is the tens digit of i?
4
Let w(a) be the first derivative of -a**3/3 - 7*a**2/2 + 4*a - 6. Let f be w(-4). Let d = 40 - f. What is the tens digit of d?
2
Suppose 4*s - 10 = 2*z, 3*s + 5*z = -2*s - 25. Suppose -2*y + 72 + 60 = s. What is the tens digit of y?
6
Let o(a) = -2*a - 1. Let g be o(-3). Suppose -g*z = -4*c + 185, 4*z + 134 + 4 = 3*c. Suppose 0 = 2*n - 112 - c. What is the units digit of n?
1
Suppose 3 = 2*n + 5*g, -5*n = -0*n + g - 19. Suppose -o - 5 + n = 0. What is the units digit of (o/(-3))/((-2)/(-30))?
5
Suppose -3*r + 9*k = 14*k - 2016, -3*r + 2010 = 3*k. What is the hundreds digit of r?
6
Suppose 2 = c - 3. Let v = 9 - c. What is the units digit of (34/v)/((-5)/(-10))?
7
Suppose 3*j = -4*d - j + 9284, -4 = -j. What is the units digit of d?
7
What is the units digit of ((-8)/24)/(2/(-6))*553?
3
Suppose -q + 5*l = -154, -l + 76 = 5*q - 616. What is the hundreds digit of q?
1
Let u = 300 - 199. Suppose -4*x + x - 67 = 4*b, 5*x - 4*b = -u. Let y = x - -38. What is the tens digit of y?
1
Let f(k) = k**3 + 53*k**2 + 102*k + 35. What is the tens digit of f(-51)?
3
Suppose -2*s - 5*w = 31, -2*s - 4 = -w - 3. Let r be 2*s*(-1)/3. What is the tens digit of (8/(-24))/(r/(-102))?
1
Suppose -6 = -6*y - 0*y. Let t be (-10*2/(-4))/y. Suppose f - 9 = 4*x, -2*f - t*x + 65 + 5 = 0. What is the tens digit of f?
2
Let r(d) = 5*d - 7. Let b be r(2). Suppose 5*m = -2*t + 63, 5*m = -2*t + b*m + 78. What is the units digit of t?
4
Let r(m) = -2*m**3 - 4*m**2 + 5. Let f be r(-3). Suppose -1134 = 17*v - f*v. What is the tens digit of v?
8
Let h be (8/4 + -1)*3. Let s(z) = 10*z**2 - 2*z - 4. What is the tens digit of s(h)?
8
What is the tens digit of (1 - 527)/(1 + 10/(-5))?
2
Suppose 125*u - 54486 = 107*u. What is the units digit of u?
7
Suppose -333*w = -334*w - 67. Let v = 53 + -172. Let d = w - v. What is the tens digit of d?
5
Let q = -121 + 1222. What is the units digit of q?
1
Let r = -3 - 25. Let t(z) = -17*z + 135. Let a be t(6). Let l = r + a. What is the units digit of l?
5
Let m(j) = 2*j**2 + 2*j - 19. Let s be m(-6). Let q = -22 + s. What is the tens digit of q?
1
Suppose 0 = -5*k + 4*i + 28, 2*k + 5*i - 6 = -2*k. Let b = 11 - 7. Suppose b = 4*s + 20, 3*s = k*m - 40. What is the units digit of m?
7
Suppose -f - f = -32. Suppose f = -2*u + 82. Suppose 2*g = 3*g - u. What is the units digit of g?
3
Let o(n) = 475*n + 1. What is the tens digit of o(1)?
7
Let x = -1667 - -2598. What is the units digit of x?
1
Suppose -3*k + 264 = 39. Suppose 2*p = f - k, -4*f - p = -0*f - 264. What is the tens digit of f?
6
Let b(h) = -64*h - 50. What is the hundreds digit of b(-9)?
5
Let m(w) = w + 57. Let k be m(0). Suppose -4*t = -3*x - 2*t - 60, 0 = -3*x + t - 63. Let r = x + k. What is the tens digit of r?
3
Suppose -j + 5 = -b, -j - 3 + 4 = b. Let w be (j + -2)/((-4)/(-20)). Suppose w*k - 2*z = -0*z + 33, -2*z + 37 = 5*k. What is the units digit of k?
7
Suppose -43*u + 103656 = -19*u. What is the tens digit of u?
1
Let u(s) = 829*s + 128. What is the hundreds digit of u(1)?
9
Let d(o) = -4*o**2 + 9*o - 4. Let i be d(3). Let u(c) = -c**3 - 12*c**2 + 12*c + 2. What is the units digit of u(i)?
5
Let p be ((-12)/(-10))/((-2)/(-5)). Suppose -5*c + 25 = -10*c, -4*d = p*c + 3. Suppose -2*h + 102 = d*i, -h + 129 + 41 = 5*i. What is the units digit of i?
4
Let b(r) = 54*r**2 - 9. Let s be b(4). Let n be 3/2*8/6. What is the units digit of s/30*n/3?
9
Let s be (-1)/(1*5/(-135)). Let a = s - 24. Suppose 115 = 3*m - 4*t, 0*m - 5*t = a*m - 79. What is the units digit of m?
3
What is the units digit of 23912/36 + (-1 - 7/(-9))?
4
Suppose 27 = 4*t - 3*t. Let i = t - 36. What is the units digit of -3*(-12)/i - -52?
8
Let t(g) = 2*g - 35. Let d be t(19). Let f(x) = 13*x**2 - 5*x + 6. What is the tens digit of f(d)?
0
Let w(x) = 3*x**3 - x**2 - 4*x + 922. What is the tens digit of w(0)?
2
Suppose 0 = 82*q - 76*q - 450. What is the units digit of q?
5
Let x = -34 - -36. Suppose -5*u + x*h = -2*h - 389, 2*h - 152 = -2*u. What is the tens digit of u?
7
Suppose -2*k - 4*l - 12 = -4*k, -6 = -3*k + 2*l. What is the tens digit of 59*((5 - k) + -4)?
5
Let a = -133 + 359. What is the tens digit of a?
2
Let s be (1 - 5/3)*-3. Suppose 2*q = -s*q. Let c(w) = -w**2 + 48. What is the tens digit of c(q)?
4
Suppose 104*h = 108*h - 2936. What is the units digit of h?
4
What is the tens digit of 12/(-186) + (-10790)/(-31)?
4
Let d(q) = q**2 + 3*q - 17. Let v(p) = -3*p**2 + 53*p + 11. Let t be v(18). What is the tens digit of d(t)?
1
Suppose 5*d = -3*h + 1348, -5*h = -3*d - 1016 - 1276. What is the hundreds digit of h?
4
Suppose -95*y + 92*y + 4371 = 0. What is the units digit of y?
7
Suppose 0 = -4*f + 3*t + 246 - 8, -f = 5*t - 48. Let c be -40 + -1 + 0 + 1. Let o = f + c. What is the tens digit of o?
1
Suppose -13*y + 11*y = -5*i - 3284, 0 = 3*y + 4*i - 4926. What is the hundreds digit of y?
6
Suppose -4*m = 5*h - 73, -5*h + 2*m + 2*m + 97 = 0. Suppose -n = -0*n - h. Suppose -16*p + n*p - 42 = 0. What is the units digit of p?
2
Let x(l) = -186*l**3 + l**2 + 7*l - 1. What is the units digit of x(-2)?
7
Let o = 216 + -30. What is the units digit of o?
6
Suppose -32*y = -43680 - 24640. What is the tens digit of y?
3
What is the hundreds digit of (-24)/(-4)*(-3594)/(-36)?
5
Let t = 56 - 32. Let p(u) = -39*u + 1. Let a be p(-1). Let w = a - t. What is the tens digit of w?
1
Suppose -12*c = 1149 - 2973. Suppose -5*m = -383 - c. What is the tens digit of m?
0
Let h(p) = -p**2 + 6*p + 10. Let d be h(7). Suppose -4*t - 6 - 6 = 0, 0 = d*b + 4*t - 900. What is the hundreds digit of b?
3
Let l be 3/18*2 + 1324/(-12). Let y = l - -200. What is the units digit of y?
0
Suppose 4*c = 3*c + 123. Let g = 203 - c. Suppose w - g = -w. What is the units digit of w?
0
Suppose x - 188 + 63 = 0. Suppose 85 = o - x. What is the tens digit of o?
1
Let g be (-281)/5 + (-44)/55. What is the tens digit of (2 - (-32)/(-12))*g?
3
Let d be 393850/325 - 4/(-26). Suppose -b = -5*n + d, -192 - 525 = -3*n + 4*b. What is the units digit of n?
3
Suppose 6*x - 17224 = 2*x + 2*f, -4292 = -x - 3*f. What is the units digit of x?
4
Suppose -10705 = -5*h - c, 5*h - h - 2*c - 8578 = 0. What is the units digit of h?
2
Let p(m) = m**2 - m - 45. Let c be p(-7). Suppose c*n + 0*n - 275 = 0. What is the units digit of n?
5
Suppose 5*v + 16*v - 36183 = 0. What is the hundreds digit of v?
7
Let y(d) = 2*d**3 - 2*d